z + 14. Let v(k) = -7*k**3 - 19*k**2 + 2*k + 28. Let h(w) = -5*m(w) + 3*v(w). Determine h(-12).
2
Let z = 160 - 160. Let s(v) = -v**3 - v**2 + v - 4. What is s(z)?
-4
Let b(v) = -v**2 + 6*v + 2. Let y(m) = 3*m**2 - 18*m - 6. Let x(k) = 11*b(k) + 4*y(k). Suppose -4*w + 7 + 8 = -5*j, w - j = 4. Determine x(w).
-7
Let o(q) = -1. Let j(v) = v**3 - 4*v**2 + 2*v + 4. Let d(p) = -j(p) - o(p). Let c(z) = -z**2 + 2*z + 9. Let w be c(-5). Let l = -23 - w. Give d(l).
0
Let p(w) = 46*w + 197. Let c be p(-4). Let h(a) = -a**3 + 14*a**2 - 11*a - 25. Determine h(c).
1
Suppose 0 = j - 0 - 17. Let f = 23 - j. Let u be 1/(1 + (-3)/f). Let t(x) = -3*x**2 - 2*x + 3. Calculate t(u).
-13
Let y be 1 + -1 - (0 + 10). Let g be (-3 + 4)/(2/y). Let c(v) be the third derivative of -v**4/24 - 5*v**3/6 - 26*v**2 - v. Give c(g).
0
Let l(g) = 2*g - 12. Suppose -111 - 33 = -18*q. Determine l(q).
4
Let u(i) = 4*i. Let w(a) be the third derivative of -5*a**4/24 - 17*a**2. Let q(n) = -3*u(n) - 2*w(n). Calculate q(-1).
2
Let p(q) be the first derivative of -3*q - 18 - 2/3*q**3 - 3/2*q**2. What is p(-2)?
-5
Let k(z) = 5*z**3 - 3*z**2 - 1. Let n(t) = 6*t**3 - 3*t**2 - 2. Let q = 10 + -9. Let w = 3 + q. Let p(u) = w*n(u) - 5*k(u). Calculate p(3).
-3
Let z = 41 - 77. Let y = -30 - z. Let s(d) = d**2 - 5*d - 1. What is s(y)?
5
Let d(a) = -2*a**2 + 15*a - 5. Let k be d(7). Let x(v) be the third derivative of 5/6*v**3 + 1/6*v**4 + 0 + 0*v - 5*v**k + 1/60*v**5. What is x(-4)?
5
Let n(s) = s + 7. Suppose -2*z = 3*x + 3 + 8, -3*z + 1 = 2*x. Let w be (6/(-7))/((4/(-4))/x). Give n(w).
1
Let j(d) = d + 2. Suppose 0 = 5*b - 25 + 5. Suppose -2*m + 2 = -b. Suppose 0 = -5*a - 25, m*r - 4*r - 5*a = 26. What is j(r)?
1
Let y(x) be the second derivative of 1/24*x**4 - x - 5/3*x**3 + 0 + 0*x**2 + 1/60*x**5. Let w(s) be the second derivative of y(s). What is w(-2)?
-3
Let l(d) = 12 - 4*d - 3*d + 7*d**2 - 1. Suppose 0 = 4*u - 4*b - 5 - 7, 0 = -5*u + 4*b + 18. Let w(k) = k**2 + 1. Let f(j) = u*w(j) - l(j). Give f(4).
7
Suppose -101*b = -105*b - 12. Let m(o) = -2*o**2 - o - 3. Calculate m(b).
-18
Let b = 39 - 37. Let i(z) = -b*z - 5*z + 5*z. Give i(4).
-8
Let x = 9 + -8. Let m(i) = 1 - x + i**2 + 1 - 2*i. Suppose 5*q - q = 2*u, q = u - 2. Calculate m(u).
9
Let r(a) = a - a - 2*a + 1 - 2*a**2 + a**3. Let o be r(2). Let k(p) = p**2 + p - 1. Let j(t) = 3*t**2 + 3*t - 6. Let m(n) = -j(n) + 2*k(n). Give m(o).
-2
Let w = -28 + 46. Let d = w - 20. Let n(j) = 2*j**3 - j**2 - 2*j + 1. What is n(d)?
-15
Let m(o) = 3*o + 3. Suppose -49*p + 3 = -50*p + 2*t, 2*t = -10. Give m(p).
-36
Let r(w) = -6*w**3 - w**2 - 2*w + 1. Let o(q) = 23*q**3 + 4*q**2 + 8*q - 5. Let f(z) = -2*o(z) - 9*r(z). What is f(-1)?
-8
Let o be (2/14)/(-2 + 30/14). Let n be o*((-6)/(-4) - (-3)/2). Let w(k) = -2*k**3 + 3*k**2 + 2*k - 2. Determine w(n).
-23
Let f(y) = -y**2 + 7*y - 3. Let m be f(3). Let d(r) = 3*r - 8. Let w be d(7). Let l = m - w. Let s(p) = p**3 + 4*p**2 - 4. What is s(l)?
-4
Let r(t) = 4*t + 22. Let y = 68 - 75. Let c be r(y). Let b(g) = g**2 + 7*g + 7. What is b(c)?
1
Let u(m) = -4*m - 5 - m**2 - 8 + 4*m + 9 + 3*m. Let q = -4 - -7. Determine u(q).
-4
Let j = 10 - 9. Let y be 30/(-24)*(5 - j). Let h(m) be the first derivative of -m**3/3 - 3*m**2 + 7*m - 35. What is h(y)?
12
Let z be 13 - (16/(-4))/(-2). Suppose 2*s + 2*s - 38 = -2*k, 0 = -2*s + 5*k - z. Let u(h) = h**2 - 6*h + 1. Give u(s).
8
Let b(q) = q**2 + 13*q + 15. Let y be 1*(0 - 4) + 72/(-12). What is b(y)?
-15
Let i(t) = -7*t - 2. Let a(f) = -6*f - 2. Suppose -15*c = -19*c + 16. Let z(m) = c*a(m) - 3*i(m). What is z(-4)?
10
Let v(k) = k**3 + 11*k**2 + 4*k + 7. Let o be v(-11). Let f = 38 + o. Let u(h) = -7*h + f + 5*h + 1 + 8*h. Calculate u(2).
14
Let u be (0 - 0)/((2 - 0)/(-2)). Let c(v) = 1 - 16*v + 15*v + u. Give c(4).
-3
Let d(o) = 18*o**2 - 49*o - 105. Let j(y) = 5*y**2 - 16*y - 35. Let v(x) = -2*d(x) + 7*j(x). What is v(-5)?
10
Let k(u) be the first derivative of 2*u**3/3 + 2*u**2 - 56. Give k(-3).
6
Let f(c) = 15 + 5 + 12 - 17 - 3*c. Let u(i) = i - 4. Let p(o) = 4*f(o) + 15*u(o). Determine p(3).
9
Suppose -10*p = -14*p + 4*d + 28, -4*p + 2*d + 20 = 0. Let a(x) = 3*x - 15. What is a(p)?
-6
Let o(h) = 5*h - h + 2 - 5. Suppose -26*l + 132 = 40*l. What is o(l)?
5
Let d(v) = 85*v - 155*v + 83*v - 1. What is d(-2)?
-27
Let m = 643 - 643. Let p(w) = w**3 + w**2 + w - 1. Let b(t) = -2*t**3 - 3*t**2 - 3*t + 4. Let u(v) = b(v) + 3*p(v). Determine u(m).
1
Let p(w) be the third derivative of w**4/24 - 2*w**3 + 11*w**2. Calculate p(11).
-1
Suppose h = i + 8, 0 = 4*i + 5 + 7. Let f(n) = -h*n - 5 + 7 + 6 + 2 - n**2. Give f(-7).
-4
Let v(y) = 2*y - 47. Let a(p) = p - 24. Let t(i) = 7*a(i) - 4*v(i). Give t(0).
20
Let t(c) = c**2 - 5*c + 5. Let v be (5/15)/(1/9). Give t(v).
-1
Suppose -698 = 2*h - 676. Let t(b) = -b**3 - 10*b**2 + 12*b + 10. What is t(h)?
-1
Let t(z) = 5*z - 2. Let q be t(1). Suppose 15 = q*f, -2*f - 3 = r - 8. Let j(p) = -p - 7. Give j(r).
-2
Let h be (-2)/3 + 20/3. Let a(f) = -3*f**3 - 11*f**2 - 4. Let p(o) = 20*o**3 + 68*o**2 + 2*o + 25. Let v(w) = -13*a(w) - 2*p(w). Calculate v(h).
14
Let n(k) be the second derivative of 1/3*k**3 + 0 - 1/12*k**4 - 3*k**2 - 9*k. Calculate n(4).
-14
Let l(b) be the second derivative of -22*b + 1/2*b**2 + 0 + 1/3*b**3. Give l(6).
13
Suppose -4*z + 11 = -0*k + 3*k, 0 = 2*z + k - 5. Let y(l) = -1 + 453*l - z*l**3 - 1 + 4*l**2 - 455*l. What is y(2)?
-6
Let n(p) = -10*p + 8. Let b(a) = 2*a - 2. Let c(k) = -9*b(k) - 2*n(k). Determine c(-3).
-4
Let u(w) = -3*w - 2. Let y = 5 - 18. Let g = -7 - y. Suppose -4*m + g*m = -10. Give u(m).
13
Let m(s) be the first derivative of -s**4/4 - 11*s + 231. What is m(0)?
-11
Let m(s) = 0*s**3 - 1 - 5*s**3 - 11*s + 12*s. Let k(p) = -6*p**2 - 3*p**3 + 4*p**3 - 3 + 2*p**2 + p. Let v be k(4). Determine m(v).
-5
Let p(r) = -7*r**3 - r. Suppose 0 = 2*f - 10 - 10. Let y be -3 + (f*-1)/(-5). Calculate p(y).
8
Let a = 64 + 2. Let f be (-672)/a + (-4)/(-22) - -1. Let k(i) = -i**3 - 9*i**2 - i - 13. What is k(f)?
-4
Let z(b) = -5 + 2*b - 11 + 12 - 11. Give z(6).
-3
Let p(r) = 7*r + 407. Let l be p(-57). Let x(n) = n**2 - 10*n + 10. What is x(l)?
-6
Let u = 115 + -73. Let f be 2/12 + 245/u. Let n(l) = l**2 - 4*l - 7. Calculate n(f).
5
Let m(a) = a + 1. Let p(d) = -d**3 + 16*d**2 + 22*d - 89. Let w be p(17). Determine m(w).
-3
Let h = 26 + 31. Let y(m) = m**3 - 1 - h*m + 29*m - 3*m**2 + 21*m. Give y(5).
14
Suppose 2 = -2*i + i. Let v(g) be the third derivative of 8*g**2 + 0*g**3 + 0*g + 1/60*g**5 + 0 + 1/24*g**4. Calculate v(i).
2
Let d(b) = -b**3 + 13*b**2 + 14*b - 2. Suppose 160 = 16*o - 64. Determine d(o).
-2
Suppose -26*u + 52 = -22*u. Let z(y) = y + 2*y**2 + u - 11 - 7*y + y. What is z(3)?
5
Let j(t) = 24*t**3 + 55*t**2 + 41*t + 1. Let g(a) = 17*a**3 + 37*a**2 + 27*a + 1. Let z(v) = -7*g(v) + 5*j(v). What is z(-15)?
-17
Let j(y) = y + 5. Let b(d) = -10 - 4 - 2*d + 4. Let u(o) = 4*b(o) + 7*j(o). Suppose 4*f = 2*f - 4*g - 6, 4*g + 16 = -4*f. Give u(f).
0
Let o(y) be the second derivative of -y**5/20 + y**4/4 + 3*y**2 - 328*y - 2. Determine o(4).
-10
Let j = 447 - 445. Let z(g) = 2*g**3 - g**2 - 4. Determine z(j).
8
Let z(o) = -4*o - 4*o + 5 + 5*o - 3. Suppose 0 = -175*k + 194*k + 57. Determine z(k).
11
Let t(g) = -2*g - 20. Suppose 0 = 8*z + 300 - 244. Determine t(z).
-6
Let x be 15/(-5 + 6/5*5). Let t(n) = -n + 17. Calculate t(x).
2
Let g(z) = z - 12. Suppose -q + 4 = -4. Let d be (-25)/(-4) - (-6)/q. Give g(d).
-5
Let n(f) = f**3 - 6*f**2 - 4*f - 8. Let r(u) = 2 + u**3 - 13 - 2*u**2 - 3*u - 3*u**2 + 0*u**2. Let y be r(6). Determine n(y).
13
Let t(l) = -89 + 0*l + 99 + 2*l. Determine t(-7).
-4
Let i be (5 - 4)*14/2. Let r(w) = -1. Let x(g) = 2*g + 5. Let c(f) = 4*r(f) + x(f). Calculate c(i).
15
Let g(m) = -m**3 - 4*m**2 + 3*m + 3. Suppose 0 = 2*d + 2*d - 16. Suppose o - 5*y = 2*o - 8, 0 = 2*o + d*y - 10. Suppose -o*u - 12 + 0 = 0. What is g(u)?
-9
Let l(s) be the third derivative of 1/30*s**5 + 1/3*s**3 - 5/24*s**4 - s**2 - 24*s + 0. Calculate l(3).
5
Suppose -3*o - 2*i = -13, -2 = -i - 0. Suppose 28 - o = 5*c. Let d(x) = -5*x + 1. Let q(h) = h - 1. Let k(r) = d(r) + 4*q(r). Determine k(c).
-8
Let a(k) = -4*k + 37. Let i(y) = 2*y - 18. Let h(z) = -2*a(z) - 5*i(z). Let s be h(7). Let f(p) = s*p + p**3 - p -